ided by d.
1
Suppose 2*b = 2*g + 33 + 75, -5*g + 234 = 4*b. Let l = -55 + b. Calculate the remainder when 1 is divided by l.
0
Let a(h) = 14*h - 2*h**2 - h**2 + 4 + 3*h**2 + h**2. Let u be a(-14). Suppose 4*k - 4 - u = 0. What is the remainder when k is divided by 2?
0
Let n = 16 - -2. Suppose 9*a - 282 = -4*x + 7*a, 84 = x + 5*a. Calculate the remainder when x is divided by n.
15
Let w = 38 - 12. Let c = -675 + 1125. Suppose 0 = -8*r + 2*r + c. What is the remainder when r is divided by w?
23
Let q = 111 - 84. What is the remainder when q is divided by 21?
6
Let b = -25 - -25. Suppose r - s - 97 = b, 2*s = 3*s. What is the remainder when r is divided by 20?
17
Suppose 260 = 3*o + o. Suppose 0 = 12*n - 167 + 35. Calculate the remainder when o is divided by n.
10
Suppose -4*n = -9*n + 75. Let m(r) = 6*r - 18. Let s be m(13). Let t = s + -51. Calculate the remainder when n is divided by t.
6
Let o = -1 + 3. Suppose -3*m = -4*w + 17, -5*m + 2*w + 15 = 4*w. Calculate the remainder when o + (1 + 2 - 2) is divided by m.
0
Let y be (-1 - 340/(-16))/(1/20). What is the remainder when 35 is divided by (y/(-60))/(6/(-8))?
8
Let k(n) = -n. Let s(h) = h**2 + 15*h + 15. Let o(j) = 6*k(j) + s(j). What is the remainder when o(-10) is divided by 13?
12
Let r(d) be the second derivative of 1/4*d**4 - 2*d + 2/3*d**3 + 0*d**2 - 1/20*d**5 + 0. Calculate the remainder when 45 is divided by r(3).
9
What is the remainder when 98 is divided by 2*(-2 - 68/8)/(-1)?
14
Let k be ((-12)/10)/(10 + (-894)/90). Calculate the remainder when (-146*3/k)/((-1)/(-3)) is divided by 37.
36
Let c(w) = -w**3 - 23*w**2 - 13*w - 15. Calculate the remainder when c(-23) is divided by 83.
35
Suppose -5*n - 20 = 0, i + 2*n = 4*i - 20. Suppose i*v - t - 2*t = 81, -3*v + 67 = 4*t. Calculate the remainder when (-6)/(-13) - (-10400)/169 is divided by v.
20
Let l(x) = -331*x**2 + 1. Let g be l(1). Let k = -170 - g. Suppose 3*r = 5*s + 137, 0 = -3*r - r + s + k. Calculate the remainder when r is divided by 14.
11
Suppose 127 = 3*q + 100. What is the remainder when 124 is divided by q?
7
Suppose -139 = 3*x + 4*j, -2*j + 10 = 3*j. Let w = 70 + x. Suppose 4*t - w = t. What is the remainder when 40 is divided by t?
5
Let t(w) = -3*w + 65. Let u(d) = -2*d + 33. Let a(j) = -6*t(j) + 11*u(j). What is the remainder when 49 is divided by a(-11)?
15
Let a(h) = 5*h**2 + 11*h - 7. Let c(q) = 4*q**2 + 10*q - 7. Let j = 4 + 0. Let i(w) = j*c(w) - 3*a(w). Calculate the remainder when 2 is divided by i(-8).
0
Let u = 5 - -1. Let s = -110 + 112. Calculate the remainder when u is divided by s.
0
Let r = -6 + 23. Let t = 89 - 63. Calculate the remainder when t is divided by r.
9
Let x = 14 - 20. Suppose 13*z + 4 = 160. Let m = x + z. Calculate the remainder when m is divided by 4.
2
Suppose 10*u - 5*u - 175 = 0. Suppose 6*s + 44 = 5*j + 3*s, -4*j + 2*s + 36 = 0. Let z = u - j. Calculate the remainder when z is divided by 7.
4
Let x(w) = 3*w**2 - 10*w + 6. Let v be x(4). Let a = v + 14. What is the remainder when a is divided by 6?
4
Let g = -491 - -530. Calculate the remainder when g is divided by 10.
9
Suppose -2*d - 5*w = -51, 0 = 10*d - 9*d - 3*w + 2. What is the remainder when d is divided by 6?
1
Let d = -188 + 200. Calculate the remainder when 91 is divided by d.
7
Suppose 7*i - 12 = 4*i. Suppose i*l + 4*o = -4, 7*o = -4*l + 11*o + 36. What is the remainder when 37 is divided by l?
1
Let f(r) be the first derivative of 38*r**2 - 20*r - 12. Calculate the remainder when f(2) is divided by 15.
12
Suppose -4*g + x - 153 = 0, 89 + 2 = -3*g - 4*x. Let s = g + 60. Let k(o) = -o**3 + 7*o**2 - 3*o - 5. What is the remainder when s is divided by k(6)?
10
Let s = 20 - 9. Let a be (3 - (-22)/(-6))*(-723)/2. Suppose -9*z + 29 = -a. What is the remainder when z is divided by s?
8
Let x = -273 + 290. What is the remainder when 33 is divided by x?
16
Suppose -2*a + a = -9. Let d = -18 + a. What is the remainder when 4 is divided by (-34)/d + (-2)/(-9)?
0
Let v(l) = -14*l + 22 + 19*l - 3*l. Calculate the remainder when v(0) is divided by 4.
2
Suppose f - 4*f = -21. Let u = 385 - 367. What is the remainder when u is divided by f?
4
Let n(h) = h**3 - 3*h**2 + 4*h + 1. What is the remainder when n(4) is divided by 12?
9
Let v = -961 + 999. Suppose -5*u - 4*r + 41 + 61 = 0, -3*r - 6 = 0. Calculate the remainder when v is divided by u.
16
Suppose 20*d = 4*d. Suppose q - 29 = -d*q. Calculate the remainder when 54 is divided by q.
25
What is the remainder when 684 is divided by (-2)/(-19) - 12576/(-1824)?
5
What is the remainder when (-8)/10 + (-676)/(-20) is divided by (-20)/(-8)*4 - 3?
5
Let h be (-1)/(-9) + 9163/153. Let j = h - 3. What is the remainder when j is divided by 20?
17
Suppose p + 32*p = 5577. Calculate the remainder when p is divided by 50.
19
Let w be (-19)/2 + 3/(-6). Let b(n) = n + 10. Let h be b(w). Suppose u + h*l = 4*l + 22, -4*u = 4*l - 8. What is the remainder when u is divided by 4?
2
Suppose 3*x - 577 - 62 = 0. What is the remainder when x is divided by 27?
24
Let k be (-32)/(-1 - (-6)/10). Suppose 3*y + k = -2*y. Let s = y + 23. What is the remainder when s is divided by 3?
1
Suppose -3*m = 3*k - 87, 3*k + m - 6*m - 111 = 0. Let c be 12*(6/(-4) + 1). Let f = 18 + c. What is the remainder when k is divided by f?
8
Suppose -u - n + 12 = 0, 4*n - n = 2*u - 4. Suppose -13*x + 11*x - 42 = 0. Calculate the remainder when u is divided by (-5)/20 - (-4)/((-16)/x).
3
Let x = 94 - -203. What is the remainder when x is divided by 75?
72
Let x = 143 - 74. Calculate the remainder when x is divided by 4.
1
Suppose 2911 = 204*w - 163*w. What is the remainder when w is divided by 13?
6
Suppose 0 = 2*m + 5*o - 8*o - 30, 4*m - 2*o - 60 = 0. Suppose 5*n = n + 172. Calculate the remainder when n is divided by m.
13
Suppose 0 = 2*x + 2*g - 20, x - 4 = 4*g + 16. What is the remainder when 30 is divided by x?
6
Suppose 7*h - 662 = -25. Calculate the remainder when h is divided by 38.
15
Let c(n) = -4*n**3 - 126*n**2 + 63*n - 16. Calculate the remainder when c(-32) is divided by 6.
4
Suppose -2*r - 3*r = -20, -4*r = -x + 5. Let d be 4 + -5 + 2 + 1. Calculate the remainder when 40 is divided by x - d - -1*2.
19
Let f be ((-44)/(-6))/((-4)/(-18)). Suppose 6*g - 93 - f = 0. What is the remainder when g is divided by 6?
3
Suppose 0 = -l + 2*f + 54 + 9, l + 2*f - 43 = 0. Calculate the remainder when 209 is divided by l.
50
Calculate the remainder when 10/(-2)*48/(-40) + 305 is divided by 105.
101
Let a be (12/(-15))/(6/15). What is the remainder when 58 is divided by (a/6)/((-4)/240)?
18
Suppose c - 5*n = 15, 30 = -4*c + 3*n + 124. Calculate the remainder when 487 is divided by c.
12
Let m = -34 - -58. Suppose -2*l - 55 = -5*l - 4*q, l + q - 17 = 0. What is the remainder when m is divided by l?
11
What is the remainder when 316 is divided by -12 - ((-236)/2 + 5)?
13
Let p(a) = -16*a**3 - 2*a**2 - 6*a - 14. What is the remainder when 1061 is divided by p(-2)?
117
Suppose 2*q + c - 28 = 0, 3*q + 3*c + 0*c - 42 = 0. Calculate the remainder when 727 is divided by q.
13
Calculate the remainder when 3795/138*(-2)/(-1) is divided by 17.
4
Let r(h) = -10*h**2 - 2*h + 272. What is the remainder when r(0) is divided by 21?
20
Let o = -392 - -433. What is the remainder when 117 is divided by o?
35
Let o be ((-21)/(-2))/((-12)/(-64)). Suppose p = -3*p + o. Calculate the remainder when 64 is divided by p.
8
Let o(n) = 3*n**2 - 17*n + 2. Calculate the remainder when 14 is divided by o(6).
6
What is the remainder when 4 + 200 + 48/(-4) + 5 is divided by 18?
17
Suppose 18*w - 126 - 144 = 0. What is the remainder when 38 is divided by w?
8
What is the remainder when 18/(-12) - (4970/4)/(-5) is divided by 10?
7
Let r = 930 + -445. Calculate the remainder when r is divided by 55.
45
Let v(g) = 7*g**2 - 3*g + 3. Let t(n) = 6*n**2 - 3*n + 4. Let w(m) = -3*t(m) + 4*v(m). What is the remainder when (-1765)/(-20) - 2/8 is divided by w(-1)?
10
Suppose -o + 2 = o. Suppose 43 = 2*p - o. What is the remainder when p is divided by 288/60*10/4?
10
Suppose -3*o - o = -3*w + 610, 830 = 4*w + 3*o. What is the remainder when w is divided by 108?
98
What is the remainder when 454 is divided by (-8)/1*(-988)/208?
36
Suppose 0 = -11*c - 358 + 2052. Calculate the re